{"id":148,"date":"2018-06-16T21:55:56","date_gmt":"2018-06-16T19:55:56","guid":{"rendered":"https:\/\/www.sg-klotzsche.de\/sw2018\/?page_id=148"},"modified":"2024-11-21T20:52:05","modified_gmt":"2024-11-21T19:52:05","slug":"mitglied-werden","status":"publish","type":"page","link":"https:\/\/www.sg-klotzsche.de\/schwimmen\/mitglied-werden\/","title":{"rendered":"&#8211; Mitglied werden &#8211;"},"content":{"rendered":"\n<h2 class=\"wp-block-heading\">Vereinsmitgliedschaft<\/h2>\n\n\n\n<p>Sie k\u00f6nnen jederzeit die Mitgliedschaft des Vereines erlangen und Einhaltung von Fristen diese auch wieder k\u00fcndigen. (N\u00e4here Informationen entnehmen Sie bitte der Vereinssatzung oder dem Mitgliedsantrag)<\/p>\n\n\n\n<p><a href=\"https:\/\/www.sg-klotzsche.de\/wp-content\/uploads\/2021\/05\/SGK_Aufnahmeantrag_SGK_2019-11-23-ausfuellbar.pdf\" target=\"_blank\" rel=\"noreferrer noopener\">Hier geht es zum Mitgliedsantrag<\/a><\/p>\n\n\n\n<p><a href=\"https:\/\/www.sg-klotzsche.de\/wp-content\/uploads\/2018\/11\/20181022_SGK_Datenschutz_Informationspflichten.pdf\" target=\"_blank\" rel=\"noreferrer noopener\" aria-label=\" (\u00f6ffnet in neuem Tab)\">Informationspflichten Datenschutz<\/a><\/p>\n\n\n\n<p><a href=\"https:\/\/www.sg-klotzsche.de\/wp-content\/uploads\/2018\/11\/20181023_SGK_Datenschutz_Einwilligung_ErhVerarbNutz_PersebezDaten.pdf\" target=\"_blank\" rel=\"noreferrer noopener\" aria-label=\" (\u00f6ffnet in neuem Tab)\">Einwilligung Erhebung personenbezogener Daten<\/a><\/p>\n\n\n\n<p><a href=\"https:\/\/www.sg-klotzsche.de\/wp-content\/uploads\/2018\/11\/20181022_SGK_Datenschutz_Einwilligung_Foto.pdf\" target=\"_blank\" rel=\"noreferrer noopener\" aria-label=\" (\u00f6ffnet in neuem Tab)\">Einwilligung Fotos<\/a><\/p>\n\n\n\n<h2 class=\"wp-block-heading\">Jahresbeitrag<\/h2>\n\n\n\n<table id=\"tablepress-4\" class=\"tablepress tablepress-id-4\">\n<tbody class=\"row-striping row-hover\">\n<tr class=\"row-1\">\n\t<td class=\"column-1\">80\u20ac<\/td><td class=\"column-2\">Mitgliedsbeitrag j\u00e4hrlich - wird zur H\u00e4lfte im M\u00e4rz und im September des laufenden Jahres eingezogen<\/td>\n<\/tr>\n<tr class=\"row-2\">\n\t<td class=\"column-1\">2,00\u20ac<\/td><td class=\"column-2\">Aufnahmegeb\u00fchr Kinder einmalig<\/td>\n<\/tr>\n<tr class=\"row-3\">\n\t<td class=\"column-1\">4,00\u20ac<\/td><td class=\"column-2\">Aufnahmegeb\u00fchr Erwachsene einmalig<\/td>\n<\/tr>\n<\/tbody>\n<\/table>\n<!-- #tablepress-4 from cache -->\n\n\n\n<h2 class=\"wp-block-heading\"><\/h2>\n\n\n\n<p><\/p>\n","protected":false},"excerpt":{"rendered":"<p>Vereinsmitgliedschaft Sie k\u00f6nnen jederzeit die Mitgliedschaft des Vereines erlangen und Einhaltung von Fristen diese auch wieder k\u00fcndigen. (N\u00e4here Informationen entnehmen Sie bitte der Vereinssatzung oder dem Mitgliedsantrag) Hier geht es zum Mitgliedsantrag Informationspflichten Datenschutz Einwilligung Erhebung personenbezogener Daten Einwilligung Fotos Jahresbeitrag<\/p>\n<p> <a class=\"continue-reading-link\" href=\"https:\/\/www.sg-klotzsche.de\/schwimmen\/mitglied-werden\/\"><span>Weiterlesen<\/span><i class=\"crycon-right-dir\"><\/i><\/a> <\/p>\n","protected":false},"author":7,"featured_media":0,"parent":0,"menu_order":0,"comment_status":"closed","ping_status":"closed","template":"","meta":{"footnotes":""},"class_list":["post-148","page","type-page","status-publish","hentry"],"_links":{"self":[{"href":"https:\/\/www.sg-klotzsche.de\/schwimmen\/wp-json\/wp\/v2\/pages\/148","targetHints":{"allow":["GET"]}}],"collection":[{"href":"https:\/\/www.sg-klotzsche.de\/schwimmen\/wp-json\/wp\/v2\/pages"}],"about":[{"href":"https:\/\/www.sg-klotzsche.de\/schwimmen\/wp-json\/wp\/v2\/types\/page"}],"author":[{"embeddable":true,"href":"https:\/\/www.sg-klotzsche.de\/schwimmen\/wp-json\/wp\/v2\/users\/7"}],"replies":[{"embeddable":true,"href":"https:\/\/www.sg-klotzsche.de\/schwimmen\/wp-json\/wp\/v2\/comments?post=148"}],"version-history":[{"count":7,"href":"https:\/\/www.sg-klotzsche.de\/schwimmen\/wp-json\/wp\/v2\/pages\/148\/revisions"}],"predecessor-version":[{"id":2955,"href":"https:\/\/www.sg-klotzsche.de\/schwimmen\/wp-json\/wp\/v2\/pages\/148\/revisions\/2955"}],"wp:attachment":[{"href":"https:\/\/www.sg-klotzsche.de\/schwimmen\/wp-json\/wp\/v2\/media?parent=148"}],"curies":[{"name":"wp","href":"https:\/\/api.w.org\/{rel}","templated":true}]}}